{"id":266,"date":"2025-11-27T13:44:22","date_gmt":"2025-11-27T12:44:22","guid":{"rendered":"https:\/\/santoshayoga.pl\/?page_id=266"},"modified":"2026-02-02T01:30:54","modified_gmt":"2026-02-02T00:30:54","slug":"warsztaty","status":"publish","type":"page","link":"https:\/\/santoshayoga.pl\/?page_id=266","title":{"rendered":"Warsztaty"},"content":{"rendered":"\t\t<div data-elementor-type=\"wp-page\" data-elementor-id=\"266\" class=\"elementor elementor-266\" data-elementor-post-type=\"page\">\n\t\t\t\t<div class=\"elementor-element elementor-element-9f1bd60 e-flex e-con-boxed e-con e-parent\" data-id=\"9f1bd60\" data-element_type=\"container\" data-settings=\"{&quot;background_background&quot;:&quot;classic&quot;,&quot;background_motion_fx_translateY_effect&quot;:&quot;yes&quot;,&quot;background_motion_fx_translateY_speed&quot;:{&quot;unit&quot;:&quot;px&quot;,&quot;size&quot;:7.8,&quot;sizes&quot;:[]},&quot;background_motion_fx_motion_fx_scrolling&quot;:&quot;yes&quot;,&quot;background_motion_fx_translateY_affectedRange&quot;:{&quot;unit&quot;:&quot;%&quot;,&quot;size&quot;:&quot;&quot;,&quot;sizes&quot;:{&quot;start&quot;:0,&quot;end&quot;:100}},&quot;background_motion_fx_devices&quot;:[&quot;desktop&quot;,&quot;tablet&quot;,&quot;mobile&quot;]}\">\n\t\t\t\t\t<div class=\"e-con-inner\">\n\t\t<div class=\"elementor-element elementor-element-d13d1ab e-con-full e-flex e-con e-child\" data-id=\"d13d1ab\" data-element_type=\"container\">\n\t\t\t\t<div class=\"elementor-element elementor-element-f9e0d36 elementor-widget elementor-widget-heading\" data-id=\"f9e0d36\" data-element_type=\"widget\" data-widget_type=\"heading.default\">\n\t\t\t\t\t<h1 class=\"elementor-heading-title elementor-size-default\">Warsztaty<\/h1>\t\t\t\t<\/div>\n\t\t\t\t<div class=\"elementor-element elementor-element-49001ac elementor-widget elementor-widget-text-editor\" data-id=\"49001ac\" data-element_type=\"widget\" data-widget_type=\"text-editor.default\">\n\t\t\t\t\t\t\t\t\t<p>Praktykuj jog\u0119 podczas super event\u00f3w!<\/p>\t\t\t\t\t\t\t\t<\/div>\n\t\t\t\t<\/div>\n\t\t\t\t\t<\/div>\n\t\t\t\t<\/div>\n\t\t<div class=\"elementor-element elementor-element-7a20105 e-flex e-con-boxed e-con e-parent\" data-id=\"7a20105\" data-element_type=\"container\" data-settings=\"{&quot;background_background&quot;:&quot;classic&quot;}\">\n\t\t\t\t\t<div class=\"e-con-inner\">\n\t\t<div class=\"elementor-element elementor-element-856536e e-con-full e-flex e-con e-child\" data-id=\"856536e\" data-element_type=\"container\">\n\t\t<div class=\"elementor-element elementor-element-89a7195 e-con-full e-flex elementor-invisible e-con e-child\" data-id=\"89a7195\" data-element_type=\"container\" data-settings=\"{&quot;animation&quot;:&quot;fadeInLeft&quot;}\">\n\t\t\t\t<div class=\"elementor-element elementor-element-05c4912 elementor-widget elementor-widget-heading\" data-id=\"05c4912\" data-element_type=\"widget\" data-widget_type=\"heading.default\">\n\t\t\t\t\t<h2 class=\"elementor-heading-title elementor-size-default\">Zorganizuj z nami sw\u00f3j event<\/h2>\t\t\t\t<\/div>\n\t\t\t\t<div class=\"elementor-element elementor-element-15ca673 elementor-widget elementor-widget-heading\" data-id=\"15ca673\" data-element_type=\"widget\" data-widget_type=\"heading.default\">\n\t\t\t\t\t<p class=\"elementor-heading-title elementor-size-default\">lub przyjd\u017a na organizowane przez nas warsztaty!<\/p>\t\t\t\t<\/div>\n\t\t\t\t<div class=\"elementor-element elementor-element-658c8f2 elementor-widget elementor-widget-spacer\" data-id=\"658c8f2\" data-element_type=\"widget\" data-widget_type=\"spacer.default\">\n\t\t\t\t\t\t\t<div class=\"elementor-spacer\">\n\t\t\t<div class=\"elementor-spacer-inner\"><\/div>\n\t\t<\/div>\n\t\t\t\t\t\t<\/div>\n\t\t\t\t<div class=\"elementor-element elementor-element-9995dc4 elementor-widget__width-initial elementor-widget elementor-widget-text-editor\" data-id=\"9995dc4\" data-element_type=\"widget\" data-widget_type=\"text-editor.default\">\n\t\t\t\t\t\t\t\t\t<p data-start=\"443\" data-end=\"824\">Lubimy spotkania, kt\u00f3re \u0142\u0105cz\u0105 ludzi, chwil\u0119 oddechu i dobr\u0105 energi\u0119.<br data-start=\"514\" data-end=\"517\" \/>Organizujemy warsztaty, dni otwarte i wyj\u0105tkowe wydarzenia \u2013 od warsztat\u00f3w face jogi, jogi dla senior\u00f3w czy dla rodzic\u00f3w z dzie\u0107mi.<br data-start=\"651\" data-end=\"654\" \/>Wsp\u00f3\u0142pracujemy tak\u017ce z firmami i prywatnymi osobami \u2013 tworz\u0105c jogowe akcenty podczas wieczor\u00f3w panie\u0144skich, warsztat\u00f3w czy plenerowych event\u00f3w w Poznaniu.<\/p><p data-start=\"831\" data-end=\"893\">Masz pomys\u0142 na wsp\u00f3lne wydarzenie? <strong data-start=\"866\" data-end=\"891\">Zorganizuj je z nami.<\/strong><\/p>\t\t\t\t\t\t\t\t<\/div>\n\t\t\t\t<\/div>\n\t\t<div class=\"elementor-element elementor-element-6c7f914 e-con-full e-flex e-con e-child\" data-id=\"6c7f914\" data-element_type=\"container\" data-settings=\"{&quot;background_background&quot;:&quot;classic&quot;}\">\n\t\t\t\t<div class=\"elementor-element elementor-element-e77a8c2 elementor-widget__width-initial elementor-widget elementor-widget-image\" data-id=\"e77a8c2\" data-element_type=\"widget\" data-widget_type=\"image.default\">\n\t\t\t\t\t\t\t\t\t\t\t\t\t\t\t<img fetchpriority=\"high\" decoding=\"async\" width=\"400\" height=\"400\" src=\"https:\/\/santoshayoga.pl\/wp-content\/uploads\/2025\/10\/lagodna-joga-regenerujaca.png\" class=\"attachment-large size-large wp-image-126\" alt=\"\u0142agodna joga regeneruj\u0105ca prowadzona w Santosha Yoga Studio\" srcset=\"https:\/\/santoshayoga.pl\/wp-content\/uploads\/2025\/10\/lagodna-joga-regenerujaca.png 400w, https:\/\/santoshayoga.pl\/wp-content\/uploads\/2025\/10\/lagodna-joga-regenerujaca-300x300.png 300w, https:\/\/santoshayoga.pl\/wp-content\/uploads\/2025\/10\/lagodna-joga-regenerujaca-150x150.png 150w\" sizes=\"(max-width: 400px) 100vw, 400px\" \/>\t\t\t\t\t\t\t\t\t\t\t\t\t\t\t<\/div>\n\t\t\t\t<\/div>\n\t\t\t\t<\/div>\n\t\t\t\t\t<\/div>\n\t\t\t\t<\/div>\n\t\t<div class=\"elementor-element elementor-element-26202ac e-flex e-con-boxed e-con e-parent\" data-id=\"26202ac\" data-element_type=\"container\" data-settings=\"{&quot;background_background&quot;:&quot;classic&quot;,&quot;shape_divider_top&quot;:&quot;curve&quot;,&quot;shape_divider_top_negative&quot;:&quot;yes&quot;}\">\n\t\t\t\t\t<div class=\"e-con-inner\">\n\t\t\t\t<div class=\"elementor-shape elementor-shape-top\" aria-hidden=\"true\" data-negative=\"true\">\n\t\t\t<svg xmlns=\"http:\/\/www.w3.org\/2000\/svg\" viewBox=\"0 0 1000 100\" preserveAspectRatio=\"none\">\n\t<path class=\"elementor-shape-fill\" d=\"M500,97C126.7,96.3,0.8,19.8,0,0v100l1000,0V1C1000,19.4,873.3,97.8,500,97z\"\/>\n<\/svg>\t\t<\/div>\n\t\t<div class=\"elementor-element elementor-element-962e38d e-flex e-con-boxed e-con e-child\" data-id=\"962e38d\" data-element_type=\"container\">\n\t\t\t\t\t<div class=\"e-con-inner\">\n\t\t\t\t<div class=\"elementor-element elementor-element-aa4a880 elementor-invisible elementor-widget elementor-widget-heading\" data-id=\"aa4a880\" data-element_type=\"widget\" data-settings=\"{&quot;_animation&quot;:&quot;fadeInUp&quot;}\" data-widget_type=\"heading.default\">\n\t\t\t\t\t<h2 class=\"elementor-heading-title elementor-size-default\">Zorganizowane warsztaty<\/h2>\t\t\t\t<\/div>\n\t\t\t\t<div class=\"elementor-element elementor-element-6b0d74a elementor-widget elementor-widget-spacer\" data-id=\"6b0d74a\" data-element_type=\"widget\" data-widget_type=\"spacer.default\">\n\t\t\t\t\t\t\t<div class=\"elementor-spacer\">\n\t\t\t<div class=\"elementor-spacer-inner\"><\/div>\n\t\t<\/div>\n\t\t\t\t\t\t<\/div>\n\t\t\t\t<div class=\"elementor-element elementor-element-1c785c3 elementor-widget-tablet__width-initial elementor-arrows-position-outside elementor-pagination-type-bullets elementor-pagination-position-outside elementor-widget elementor-widget-n-carousel\" data-id=\"1c785c3\" data-element_type=\"widget\" data-settings=\"{&quot;carousel_items&quot;:[{&quot;slide_title&quot;:&quot;Slide #1&quot;,&quot;_id&quot;:&quot;d6901ba&quot;},{&quot;slide_title&quot;:&quot;Slide #3&quot;,&quot;_id&quot;:&quot;857bc04&quot;},{&quot;slide_title&quot;:&quot;Slide #2&quot;,&quot;_id&quot;:&quot;728926f&quot;},{&quot;_id&quot;:&quot;0ddd999&quot;,&quot;slide_title&quot;:&quot;Slide #4&quot;},{&quot;_id&quot;:&quot;261a4ca&quot;,&quot;slide_title&quot;:&quot;Slide #5&quot;},{&quot;_id&quot;:&quot;d91d815&quot;,&quot;slide_title&quot;:&quot;Slide #6&quot;},{&quot;_id&quot;:&quot;d9a2bf3&quot;,&quot;slide_title&quot;:&quot;Slide #7&quot;}],&quot;slides_to_show&quot;:&quot;3&quot;,&quot;image_spacing_custom&quot;:{&quot;unit&quot;:&quot;px&quot;,&quot;size&quot;:0,&quot;sizes&quot;:[]},&quot;slides_to_show_tablet&quot;:&quot;1&quot;,&quot;slides_to_show_mobile&quot;:&quot;1&quot;,&quot;autoplay&quot;:&quot;yes&quot;,&quot;autoplay_speed&quot;:5000,&quot;pause_on_hover&quot;:&quot;yes&quot;,&quot;pause_on_interaction&quot;:&quot;yes&quot;,&quot;infinite&quot;:&quot;yes&quot;,&quot;speed&quot;:500,&quot;offset_sides&quot;:&quot;none&quot;,&quot;arrows&quot;:&quot;yes&quot;,&quot;pagination&quot;:&quot;bullets&quot;,&quot;image_spacing_custom_tablet&quot;:{&quot;unit&quot;:&quot;px&quot;,&quot;size&quot;:&quot;&quot;,&quot;sizes&quot;:[]},&quot;image_spacing_custom_mobile&quot;:{&quot;unit&quot;:&quot;px&quot;,&quot;size&quot;:&quot;&quot;,&quot;sizes&quot;:[]}}\" data-widget_type=\"nested-carousel.default\">\n\t\t\t\t\t\t\t<div class=\"e-n-carousel swiper\" role=\"region\" aria-roledescription=\"carousel\" aria-label=\"karuzela\" dir=\"ltr\">\n\t\t\t<div class=\"swiper-wrapper\" aria-live=\"off\">\n\t\t\t\t\t\t\t\t\t\t<div class=\"swiper-slide\" data-slide=\"1\" role=\"group\" aria-roledescription=\"slide\" aria-label=\"1 of 7\">\n\t\t\t\t\t\t\t<div class=\"elementor-element elementor-element-c58f664 e-flex e-con-boxed e-con e-child\" data-id=\"c58f664\" data-element_type=\"container\">\n\t\t\t\t\t<div class=\"e-con-inner\">\n\t\t<div class=\"elementor-element elementor-element-15319f9 e-con-full e-flex e-con e-child\" data-id=\"15319f9\" data-element_type=\"container\">\n\t\t<div class=\"elementor-element elementor-element-8d36ccb e-con-full e-flex e-con e-child\" data-id=\"8d36ccb\" data-element_type=\"container\" data-settings=\"{&quot;background_background&quot;:&quot;classic&quot;}\">\n\t\t\t\t<\/div>\n\t\t\t\t<div class=\"elementor-element elementor-element-9059921 elementor-widget elementor-widget-heading\" data-id=\"9059921\" data-element_type=\"widget\" data-widget_type=\"heading.default\">\n\t\t\t\t\t<h3 class=\"elementor-heading-title elementor-size-default\">warsztaty z face jogi<\/h3>\t\t\t\t<\/div>\n\t\t\t\t<\/div>\n\t\t\t\t\t<\/div>\n\t\t\t\t<\/div>\n\t\t\t\t\t\t\t\t<\/div>\n\t\t\t\t\t\t\t\t\t\t\t<div class=\"swiper-slide\" data-slide=\"2\" role=\"group\" aria-roledescription=\"slide\" aria-label=\"2 of 7\">\n\t\t\t\t\t\t\t<div class=\"elementor-element elementor-element-3263fc5 e-flex e-con-boxed e-con e-child\" data-id=\"3263fc5\" data-element_type=\"container\">\n\t\t\t\t\t<div class=\"e-con-inner\">\n\t\t<div class=\"elementor-element elementor-element-965c366 e-con-full e-flex e-con e-child\" data-id=\"965c366\" data-element_type=\"container\">\n\t\t<div class=\"elementor-element elementor-element-fdceb8b e-con-full e-flex e-con e-child\" data-id=\"fdceb8b\" data-element_type=\"container\" data-settings=\"{&quot;background_background&quot;:&quot;classic&quot;}\">\n\t\t\t\t<\/div>\n\t\t\t\t<div class=\"elementor-element elementor-element-12604ef elementor-widget elementor-widget-heading\" data-id=\"12604ef\" data-element_type=\"widget\" data-widget_type=\"heading.default\">\n\t\t\t\t\t<h3 class=\"elementor-heading-title elementor-size-default\">joga ze \u015bniadaniem<\/h3>\t\t\t\t<\/div>\n\t\t\t\t<\/div>\n\t\t\t\t\t<\/div>\n\t\t\t\t<\/div>\n\t\t\t\t\t\t\t\t<\/div>\n\t\t\t\t\t\t\t\t\t\t\t<div class=\"swiper-slide\" data-slide=\"3\" role=\"group\" aria-roledescription=\"slide\" aria-label=\"3 of 7\">\n\t\t\t\t\t\t\t<div class=\"elementor-element elementor-element-dbc0913 e-flex e-con-boxed e-con e-child\" data-id=\"dbc0913\" data-element_type=\"container\">\n\t\t\t\t\t<div class=\"e-con-inner\">\n\t\t<div class=\"elementor-element elementor-element-bcaf24f e-con-full e-flex e-con e-child\" data-id=\"bcaf24f\" data-element_type=\"container\">\n\t\t<div class=\"elementor-element elementor-element-30ab62a e-con-full e-flex e-con e-child\" data-id=\"30ab62a\" data-element_type=\"container\" data-settings=\"{&quot;background_background&quot;:&quot;classic&quot;}\">\n\t\t\t\t<\/div>\n\t\t\t\t<div class=\"elementor-element elementor-element-acddbe4 elementor-widget elementor-widget-heading\" data-id=\"acddbe4\" data-element_type=\"widget\" data-widget_type=\"heading.default\">\n\t\t\t\t\t<h3 class=\"elementor-heading-title elementor-size-default\">joga z dzie\u0107mi<\/h3>\t\t\t\t<\/div>\n\t\t\t\t<\/div>\n\t\t\t\t\t<\/div>\n\t\t\t\t<\/div>\n\t\t\t\t\t\t\t\t<\/div>\n\t\t\t\t\t\t\t\t\t\t\t<div class=\"swiper-slide\" data-slide=\"4\" role=\"group\" aria-roledescription=\"slide\" aria-label=\"4 of 7\">\n\t\t\t\t\t\t\t<div class=\"elementor-element elementor-element-bd85404 e-flex e-con-boxed e-con e-child\" data-id=\"bd85404\" data-element_type=\"container\">\n\t\t\t\t\t<div class=\"e-con-inner\">\n\t\t<div class=\"elementor-element elementor-element-2e15927 e-con-full e-flex e-con e-child\" data-id=\"2e15927\" data-element_type=\"container\">\n\t\t<div class=\"elementor-element elementor-element-bca6a05 e-con-full e-flex e-con e-child\" data-id=\"bca6a05\" data-element_type=\"container\" data-settings=\"{&quot;background_background&quot;:&quot;classic&quot;}\">\n\t\t\t\t<\/div>\n\t\t\t\t<div class=\"elementor-element elementor-element-5fb5a59 elementor-widget elementor-widget-heading\" data-id=\"5fb5a59\" data-element_type=\"widget\" data-widget_type=\"heading.default\">\n\t\t\t\t\t<h3 class=\"elementor-heading-title elementor-size-default\">joga i ceramika<\/h3>\t\t\t\t<\/div>\n\t\t\t\t<\/div>\n\t\t\t\t\t<\/div>\n\t\t\t\t<\/div>\n\t\t\t\t\t\t\t\t<\/div>\n\t\t\t\t\t\t\t\t\t\t\t<div class=\"swiper-slide\" data-slide=\"5\" role=\"group\" aria-roledescription=\"slide\" aria-label=\"5 of 7\">\n\t\t\t\t\t\t\t<div class=\"elementor-element elementor-element-6722730 e-flex e-con-boxed e-con e-child\" data-id=\"6722730\" data-element_type=\"container\">\n\t\t\t\t\t<div class=\"e-con-inner\">\n\t\t<div class=\"elementor-element elementor-element-af64ed2 e-con-full e-flex e-con e-child\" data-id=\"af64ed2\" data-element_type=\"container\">\n\t\t<div class=\"elementor-element elementor-element-b7dd4cf e-con-full e-flex e-con e-child\" data-id=\"b7dd4cf\" data-element_type=\"container\" data-settings=\"{&quot;background_background&quot;:&quot;classic&quot;}\">\n\t\t\t\t<\/div>\n\t\t\t\t<div class=\"elementor-element elementor-element-a67f3d7 elementor-widget elementor-widget-heading\" data-id=\"a67f3d7\" data-element_type=\"widget\" data-widget_type=\"heading.default\">\n\t\t\t\t\t<h3 class=\"elementor-heading-title elementor-size-default\">joga &amp; pizza &amp; prosecco<\/h3>\t\t\t\t<\/div>\n\t\t\t\t<\/div>\n\t\t\t\t\t<\/div>\n\t\t\t\t<\/div>\n\t\t\t\t\t\t\t\t<\/div>\n\t\t\t\t\t\t\t\t\t\t\t<div class=\"swiper-slide\" data-slide=\"6\" role=\"group\" aria-roledescription=\"slide\" aria-label=\"6 of 7\">\n\t\t\t\t\t\t\t<div class=\"elementor-element elementor-element-3e64a65 e-flex e-con-boxed e-con e-child\" data-id=\"3e64a65\" data-element_type=\"container\">\n\t\t\t\t\t<div class=\"e-con-inner\">\n\t\t<div class=\"elementor-element elementor-element-9f6a440 e-con-full e-flex e-con e-child\" data-id=\"9f6a440\" data-element_type=\"container\">\n\t\t<div class=\"elementor-element elementor-element-a13aca0 e-con-full e-flex e-con e-child\" data-id=\"a13aca0\" data-element_type=\"container\" data-settings=\"{&quot;background_background&quot;:&quot;classic&quot;}\">\n\t\t\t\t<\/div>\n\t\t\t\t<div class=\"elementor-element elementor-element-2726e03 elementor-widget elementor-widget-heading\" data-id=\"2726e03\" data-element_type=\"widget\" data-widget_type=\"heading.default\">\n\t\t\t\t\t<h3 class=\"elementor-heading-title elementor-size-default\">joga dla senior\u00f3w<\/h3>\t\t\t\t<\/div>\n\t\t\t\t<\/div>\n\t\t\t\t\t<\/div>\n\t\t\t\t<\/div>\n\t\t\t\t\t\t\t\t<\/div>\n\t\t\t\t\t\t\t\t\t\t\t<div class=\"swiper-slide\" data-slide=\"7\" role=\"group\" aria-roledescription=\"slide\" aria-label=\"7 of 7\">\n\t\t\t\t\t\t\t<div class=\"elementor-element elementor-element-e52c285 e-flex e-con-boxed e-con e-child\" data-id=\"e52c285\" data-element_type=\"container\">\n\t\t\t\t\t<div class=\"e-con-inner\">\n\t\t<div class=\"elementor-element elementor-element-93e6ba8 e-con-full e-flex e-con e-child\" data-id=\"93e6ba8\" data-element_type=\"container\">\n\t\t<div class=\"elementor-element elementor-element-435f77c e-con-full e-flex e-con e-child\" data-id=\"435f77c\" data-element_type=\"container\" data-settings=\"{&quot;background_background&quot;:&quot;classic&quot;}\">\n\t\t\t\t<\/div>\n\t\t\t\t<div class=\"elementor-element elementor-element-588b2f1 elementor-widget elementor-widget-heading\" data-id=\"588b2f1\" data-element_type=\"widget\" data-widget_type=\"heading.default\">\n\t\t\t\t\t<h3 class=\"elementor-heading-title elementor-size-default\">joga na wieczorze panie\u0144skim<\/h3>\t\t\t\t<\/div>\n\t\t\t\t<\/div>\n\t\t\t\t\t<\/div>\n\t\t\t\t<\/div>\n\t\t\t\t\t\t\t\t<\/div>\n\t\t\t\t\t\t\t\t<\/div>\n\t\t<\/div>\n\t\t\t\t\t<div class=\"elementor-swiper-button elementor-swiper-button-prev\" role=\"button\" tabindex=\"0\" aria-label=\"Previous\">\n\t\t\t\t<svg aria-hidden=\"true\" class=\"e-font-icon-svg e-eicon-chevron-left\" viewBox=\"0 0 1000 1000\" xmlns=\"http:\/\/www.w3.org\/2000\/svg\"><path d=\"M646 125C629 125 613 133 604 142L308 442C296 454 292 471 292 487 292 504 296 521 308 533L604 854C617 867 629 875 646 875 663 875 679 871 692 858 704 846 713 829 713 812 713 796 708 779 692 767L438 487 692 225C700 217 708 204 708 187 708 171 704 154 692 142 675 129 663 125 646 125Z\"><\/path><\/svg>\t\t\t<\/div>\n\t\t\t<div class=\"elementor-swiper-button elementor-swiper-button-next\" role=\"button\" tabindex=\"0\" aria-label=\"Next\">\n\t\t\t\t<svg aria-hidden=\"true\" class=\"e-font-icon-svg e-eicon-chevron-right\" viewBox=\"0 0 1000 1000\" xmlns=\"http:\/\/www.w3.org\/2000\/svg\"><path d=\"M696 533C708 521 713 504 713 487 713 471 708 454 696 446L400 146C388 133 375 125 354 125 338 125 325 129 313 142 300 154 292 171 292 187 292 204 296 221 308 233L563 492 304 771C292 783 288 800 288 817 288 833 296 850 308 863 321 871 338 875 354 875 371 875 388 867 400 854L696 533Z\"><\/path><\/svg>\t\t\t<\/div>\n\t\t\t\t\t<div class=\"swiper-pagination\"><\/div>\n\t\t\t\t\t\t<\/div>\n\t\t\t\t<div class=\"elementor-element elementor-element-8963c2f elementor-widget elementor-widget-spacer\" data-id=\"8963c2f\" data-element_type=\"widget\" data-widget_type=\"spacer.default\">\n\t\t\t\t\t\t\t<div class=\"elementor-spacer\">\n\t\t\t<div class=\"elementor-spacer-inner\"><\/div>\n\t\t<\/div>\n\t\t\t\t\t\t<\/div>\n\t\t<div class=\"elementor-element elementor-element-1bac107 e-con-full e-flex e-con e-child\" data-id=\"1bac107\" data-element_type=\"container\">\n\t\t\t\t<div class=\"elementor-element elementor-element-5b6c7a8 elementor-widget__width-auto elementor-widget elementor-widget-text-editor\" data-id=\"5b6c7a8\" data-element_type=\"widget\" data-widget_type=\"text-editor.default\">\n\t\t\t\t\t\t\t\t\t<p>Zobacz wi\u0119cej tutaj!<\/p>\t\t\t\t\t\t\t\t<\/div>\n\t\t<div class=\"elementor-element elementor-element-a9d986f e-con-full e-flex e-con e-child\" data-id=\"a9d986f\" data-element_type=\"container\">\n\t\t\t\t<div class=\"elementor-element elementor-element-53f0f05 elementor-widget__width-auto elementor-align-right elementor-widget elementor-widget-button\" data-id=\"53f0f05\" data-element_type=\"widget\" data-widget_type=\"button.default\">\n\t\t\t\t\t\t\t\t\t\t<a class=\"elementor-button elementor-button-link elementor-size-sm elementor-animation-grow\" href=\"https:\/\/www.instagram.com\/santosha_yogapoznan\/\" target=\"_blank\">\n\t\t\t\t\t\t<span class=\"elementor-button-content-wrapper\">\n\t\t\t\t\t\t<span class=\"elementor-button-icon\">\n\t\t\t\t<svg xmlns=\"http:\/\/www.w3.org\/2000\/svg\" xmlns:xlink=\"http:\/\/www.w3.org\/1999\/xlink\" width=\"400\" zoomAndPan=\"magnify\" viewBox=\"0 0 300 307.91998\" height=\"400\" preserveAspectRatio=\"xMidYMid meet\"><defs><clipPath id=\"7c534e9212\"><path d=\"M 0.0390625 0 L 299.960938 0 L 299.960938 299.921875 L 0.0390625 299.921875 Z M 0.0390625 0 \" clip-rule=\"nonzero\"><\/path><\/clipPath><\/defs><g clip-path=\"url(#7c534e9212)\"><path fill=\"#ffffff\" d=\"M 67.507812 0 L 232.316406 0 C 250.941406 0 267.808594 7.554688 280.105469 19.855469 C 292.230469 31.976562 299.960938 49.019531 299.960938 67.46875 L 299.960938 232.277344 C 299.960938 250.902344 292.230469 267.769531 280.105469 280.066406 C 267.808594 292.191406 250.941406 299.921875 232.316406 299.921875 L 67.507812 299.921875 C 49.058594 299.921875 32.015625 292.191406 19.894531 280.066406 C 7.59375 267.769531 0.0390625 250.902344 0.0390625 232.277344 L 0.0390625 67.46875 C 0.0390625 49.019531 7.59375 31.976562 19.894531 19.855469 C 32.015625 7.554688 49.058594 0 67.507812 0 Z M 232.316406 26.707031 L 67.507812 26.707031 C 56.261719 26.707031 46.074219 31.273438 38.691406 38.652344 C 31.3125 46.035156 26.746094 56.222656 26.746094 67.46875 L 26.746094 232.277344 C 26.746094 243.523438 31.3125 253.710938 38.691406 261.09375 C 46.074219 268.648438 56.261719 273.214844 67.507812 273.214844 L 232.316406 273.214844 C 243.5625 273.214844 253.75 268.648438 261.132812 261.09375 C 268.6875 253.710938 273.253906 243.523438 273.253906 232.277344 L 273.253906 67.46875 C 273.253906 56.222656 268.6875 46.035156 261.132812 38.652344 C 253.75 31.273438 243.5625 26.707031 232.316406 26.707031 Z M 232.316406 26.707031 \" fill-opacity=\"1\" fill-rule=\"nonzero\"><\/path><\/g><path fill=\"#ffffff\" d=\"M 234.074219 52.359375 C 237.761719 52.359375 241.277344 53.765625 243.5625 56.222656 C 246.019531 58.683594 247.601562 62.023438 247.601562 65.710938 C 247.601562 69.402344 246.019531 72.917969 243.5625 75.199219 C 241.277344 77.660156 237.761719 79.242188 234.074219 79.242188 C 230.382812 79.242188 227.046875 77.660156 224.585938 75.199219 C 222.125 72.917969 220.71875 69.402344 220.71875 65.710938 C 220.71875 62.023438 222.125 58.683594 224.585938 56.222656 C 227.046875 53.765625 230.382812 52.359375 234.074219 52.359375 Z M 234.074219 52.359375 \" fill-opacity=\"1\" fill-rule=\"nonzero\"><\/path><path fill=\"#ffffff\" d=\"M 149.914062 77.132812 C 170.117188 77.132812 188.214844 85.390625 201.394531 98.394531 C 214.570312 111.570312 222.828125 129.84375 222.828125 149.875 C 222.828125 170.078125 214.570312 188.175781 201.394531 201.355469 C 188.214844 214.53125 170.117188 222.789062 149.914062 222.789062 C 129.882812 222.789062 111.609375 214.53125 98.433594 201.355469 C 85.429688 188.175781 77.171875 170.078125 77.171875 149.875 C 77.171875 129.84375 85.429688 111.570312 98.433594 98.394531 C 111.609375 85.390625 129.882812 77.132812 149.914062 77.132812 Z M 182.417969 117.542969 C 174.160156 109.285156 162.5625 104.015625 149.914062 104.015625 C 137.261719 104.015625 125.839844 109.285156 117.582031 117.542969 C 109.324219 125.800781 104.054688 137.222656 104.054688 149.875 C 104.054688 162.523438 109.324219 174.121094 117.582031 182.378906 C 125.839844 190.636719 137.261719 195.730469 149.914062 195.730469 C 162.5625 195.730469 174.160156 190.636719 182.417969 182.378906 C 190.675781 174.121094 195.769531 162.523438 195.769531 149.875 C 195.769531 137.222656 190.675781 125.800781 182.417969 117.542969 Z M 182.417969 117.542969 \" fill-opacity=\"1\" fill-rule=\"nonzero\"><\/path><\/svg>\t\t\t<\/span>\n\t\t\t\t\t\t\t\t<\/span>\n\t\t\t\t\t<\/a>\n\t\t\t\t\t\t\t\t<\/div>\n\t\t\t\t<div class=\"elementor-element elementor-element-0f550c8 elementor-widget__width-auto elementor-align-right elementor-widget elementor-widget-button\" data-id=\"0f550c8\" data-element_type=\"widget\" data-widget_type=\"button.default\">\n\t\t\t\t\t\t\t\t\t\t<a class=\"elementor-button elementor-button-link elementor-size-sm elementor-animation-grow\" href=\"https:\/\/www.facebook.com\/p\/Santosha-Yoga-Studio-100085261726129\/\" target=\"_blank\">\n\t\t\t\t\t\t<span class=\"elementor-button-content-wrapper\">\n\t\t\t\t\t\t<span class=\"elementor-button-icon\">\n\t\t\t\t<svg xmlns=\"http:\/\/www.w3.org\/2000\/svg\" xmlns:xlink=\"http:\/\/www.w3.org\/1999\/xlink\" width=\"400\" zoomAndPan=\"magnify\" viewBox=\"0 0 300 307.91998\" height=\"400\" preserveAspectRatio=\"xMidYMid meet\"><defs><clipPath id=\"30193edee9\"><path d=\"M 0.0390625 0 L 299.960938 0 L 299.960938 299.171875 L 0.0390625 299.171875 Z M 0.0390625 0 \" clip-rule=\"nonzero\"><\/path><\/clipPath><\/defs><g clip-path=\"url(#30193edee9)\"><path fill=\"#ffffff\" d=\"M 299.988281 150.152344 C 299.988281 67.21875 232.847656 0 150.027344 0 C 67.207031 0 0.0507812 67.21875 0.0507812 150.152344 C 0.0507812 220.566406 48.46875 279.660156 113.792969 295.882812 L 113.792969 196.039062 L 82.859375 196.039062 L 82.859375 150.152344 L 113.792969 150.152344 L 113.792969 130.382812 C 113.792969 79.28125 136.890625 55.589844 187.003906 55.589844 C 196.503906 55.589844 212.902344 57.449219 219.605469 59.324219 L 219.605469 100.910156 C 216.0625 100.53125 209.914062 100.34375 202.28125 100.34375 C 177.6875 100.34375 168.183594 109.667969 168.183594 133.914062 L 168.183594 150.136719 L 217.167969 150.136719 L 208.753906 196.023438 L 168.183594 196.023438 L 168.183594 299.1875 C 242.445312 290.210938 299.988281 226.898438 299.988281 150.136719 Z M 299.988281 150.152344 \" fill-opacity=\"1\" fill-rule=\"nonzero\"><\/path><\/g><\/svg>\t\t\t<\/span>\n\t\t\t\t\t\t\t\t<\/span>\n\t\t\t\t\t<\/a>\n\t\t\t\t\t\t\t\t<\/div>\n\t\t\t\t<\/div>\n\t\t\t\t<\/div>\n\t\t\t\t\t<\/div>\n\t\t\t\t<\/div>\n\t\t\t\t\t<\/div>\n\t\t\t\t<\/div>\n\t\t\t\t<\/div>\n\t\t","protected":false},"excerpt":{"rendered":"<p>Warsztaty Praktykuj jog\u0119 podczas super event\u00f3w! Zorganizuj z nami sw\u00f3j event lub przyjd\u017a na organizowane przez nas warsztaty! Lubimy spotkania, kt\u00f3re \u0142\u0105cz\u0105 ludzi, chwil\u0119 oddechu i dobr\u0105 energi\u0119.Organizujemy warsztaty, dni otwarte i wyj\u0105tkowe wydarzenia \u2013 od warsztat\u00f3w face jogi, jogi dla senior\u00f3w czy dla rodzic\u00f3w z dzie\u0107mi.Wsp\u00f3\u0142pracujemy tak\u017ce z firmami i prywatnymi osobami \u2013 tworz\u0105c [&hellip;]<\/p>\n","protected":false},"author":1,"featured_media":0,"parent":0,"menu_order":0,"comment_status":"closed","ping_status":"closed","template":"","meta":{"_eb_attr":"","footnotes":""},"class_list":["post-266","page","type-page","status-publish","hentry"],"_links":{"self":[{"href":"https:\/\/santoshayoga.pl\/index.php?rest_route=\/wp\/v2\/pages\/266","targetHints":{"allow":["GET"]}}],"collection":[{"href":"https:\/\/santoshayoga.pl\/index.php?rest_route=\/wp\/v2\/pages"}],"about":[{"href":"https:\/\/santoshayoga.pl\/index.php?rest_route=\/wp\/v2\/types\/page"}],"author":[{"embeddable":true,"href":"https:\/\/santoshayoga.pl\/index.php?rest_route=\/wp\/v2\/users\/1"}],"replies":[{"embeddable":true,"href":"https:\/\/santoshayoga.pl\/index.php?rest_route=%2Fwp%2Fv2%2Fcomments&post=266"}],"version-history":[{"count":207,"href":"https:\/\/santoshayoga.pl\/index.php?rest_route=\/wp\/v2\/pages\/266\/revisions"}],"predecessor-version":[{"id":2389,"href":"https:\/\/santoshayoga.pl\/index.php?rest_route=\/wp\/v2\/pages\/266\/revisions\/2389"}],"wp:attachment":[{"href":"https:\/\/santoshayoga.pl\/index.php?rest_route=%2Fwp%2Fv2%2Fmedia&parent=266"}],"curies":[{"name":"wp","href":"https:\/\/api.w.org\/{rel}","templated":true}]}}